3556.
2, 7, 54070127
List the prime factors of 256531067.
13, 229, 86171
List the prime factors of 232489989.
3, 3163, 8167
List the prime factors of 29925623.
7, 13, 109, 431
What are the prime factors of 2313615175?
5, 92544607
List the prime factors of 1098017347.
7, 156859621
What are the prime factors of 219321215?
5, 23, 1907141
What are the prime factors of 69650251?
11, 191, 33151
What are the prime factors of 76739304?
2, 3, 677, 4723
List the prime factors of 243332247.
3, 103, 787483
List the prime factors of 501894232.
2, 7, 563, 15919
What are the prime factors of 127515760?
2, 5, 1593947
List the prime factors of 5180343101.
37, 140009273
List the prime factors of 7932362.
2, 683, 5807
What are the prime factors of 802954128?
2, 3, 59, 281, 1009
What are the prime factors of 2692983393?
3, 47, 6366391
What are the prime factors of 11578374?
2, 3, 643243
List the prime factors of 616089843.
3, 17, 107, 37633
What are the prime factors of 386248361?
23, 29, 579083
What are the prime factors of 378108082?
2, 11, 2039, 8429
What are the prime factors of 7103950959?
3, 7, 23, 2101139
List the prime factors of 60408219.
3, 79, 254887
List the prime factors of 76644678.
2, 3, 11, 53, 21911
List the prime factors of 802818559.
802818559
What are the prime factors of 1029165756?
2, 3, 1061, 80833
List the prime factors of 2239768100.
2, 5, 2693, 8317
What are the prime factors of 1254452449?
29, 3491, 12391
What are the prime factors of 274259987?
12517, 21911
What are the prime factors of 128369232?
2, 3, 297151
List the prime factors of 557164315.
5, 37, 557, 5407
What are the prime factors of 1023789110?
2, 5, 23, 4451257
List the prime factors of 2208284084.
2, 1093, 505097
List the prime factors of 80909791.
23, 397, 8861
What are the prime factors of 4668236947?
11, 1543, 275039
What are the prime factors of 719831069?
23, 29, 149, 7243
List the prime factors of 5488941778.
2, 31, 113, 127, 199
What are the prime factors of 485799096?
2, 3, 607, 33347
What are the prime factors of 185796022?
2, 19, 4889369
What are the prime factors of 916841447?
19, 191, 13297
List the prime factors of 6254833902.
2, 3, 17, 53, 1157017
What are the prime factors of 25212293?
59, 427327
List the prime factors of 4711924153.
17, 5333, 51973
List the prime factors of 110006913.
3, 181, 202591
List the prime factors of 471028214.
2, 17, 61, 227111
What are the prime factors of 104358567?
3, 23, 127, 11909
What are the prime factors of 2943505164?
2, 3, 12763, 19219
What are the prime factors of 3238847724?
2, 3, 7, 3821, 10091
What are the prime factors of 54043018?
2, 3163, 8543
What are the prime factors of 568128135?
3, 5, 37875209
What are the prime factors of 105817186?
2, 52908593
What are the prime factors of 1701683751?
3, 567227917
What are the prime factors of 66259138?
2, 11, 109, 27631
What are the prime factors of 145285368?
2, 3, 1373, 4409
What are the prime factors of 401752509?
3, 133917503
What are the prime factors of 150162317?
37, 353, 11497
What are the prime factors of 286166567?
286166567
What are the prime factors of 439684049?
7, 62812007
List the prime factors of 887455375.
5, 7099643
List the prime factors of 23099274.
2, 3, 11, 116663
List the prime factors of 81278433.
3, 103, 87679
What are the prime factors of 542879790?
2, 3, 5, 139, 211, 617
List the prime factors of 257214073.
257214073
List the prime factors of 27040882.
2, 11, 1229131
List the prime factors of 652402616.
2, 139, 586693
List the prime factors of 3961881.
3, 7, 11, 5717
What are the prime factors of 295717526?
2, 13, 11373751
List the prime factors of 247246403.
59, 4190617
What are the prime factors of 474358157?
7, 13, 17, 103, 229
What are the prime factors of 138503561?
7, 19786223
What are the prime factors of 188555973?
3, 62851991
List the prime factors of 27157811.
43, 631577
What are the prime factors of 844452302?
2, 19, 22222429
What are the prime factors of 28030481?
53, 528877
List the prime factors of 61940469.
3, 17, 1214519
What are the prime factors of 589488787?
17, 107, 324073
What are the prime factors of 2509704470?
2, 5, 7, 13, 2757917
What are the prime factors of 2497819817?
599, 1721, 2423
List the prime factors of 3865008.
2, 3, 7, 11503
What are the prime factors of 184425232?
2, 11526577
List the prime factors of 123382112.
2, 7, 550813
List the prime factors of 385535987.
385535987
List the prime factors of 32635342.
2, 17, 959863
What are the prime factors of 6600375?
3, 5, 5867
What are the prime factors of 2003368674?
2, 3, 333894779
What are the prime factors of 2168097542?
2, 13, 1367, 61001
What are the prime factors of 1183104812?
2, 295776203
List the prime factors of 593603445.
3, 5, 53, 746671
List the prime factors of 40308960.
2, 3, 5, 79, 1063
List the prime factors of 1521614558.
2, 760807279
What are the prime factors of 1197450519?
3, 399150173
What are the prime factors of 330625701?
3, 7, 631, 8317
List the prime factors of 232388993.
7487, 31039
What are the prime factors of 1617527921?
8573, 188677
What are the prime factors of 44852746?
2, 179, 125287
List the prime factors of 68921586.
2, 3, 191, 20047
What are the prime factors of 8477087609?
31, 59, 4634821
What are the prime factors of 1065897666?
2, 3, 59216537
List the prime factors of 20431869.
3, 113, 60271
What are the prime factors of 99564136?
2, 7, 1777931
What are the prime factors of 856449671?
7, 11, 11122723
List the prime factors of 43583450.
2, 5, 139, 6271
What are the prime factors of 164666278?
2, 7, 11761877
What are the prime factors of 5529572885?
5, 1105914577
List the prime factors of 756247856.
2, 7, 13, 17, 30553
List the prime factors of 208033742.
2, 7, 43, 345571
List the prime factors of 572509308.
2, 3, 7, 139, 49033
List the prime factors of 3412644.
2, 3, 284387
What are the prime factors of 34996627?
2099, 16673
List the prime factors of 434384279.
7, 23, 853, 3163
List the prime factors of 2218085466.
2, 3, 369680911
What are the prime factors of 1521020881?
827, 1839203
List the prime factors of 1493144295.
3, 5, 31, 1451, 2213
What are the prime factors of 130388197?
173, 753689
List the prime factors of 76071574.
2, 251, 151537
What are the prime factors of 21966351?
3, 11, 107, 6221
What are the prime factors of 521556132?
2, 3, 43463011
What are the prime factors of 983179686?
2, 3, 163863281
What are the prime factors of 116429565?
3, 5, 7, 23, 37, 1303
What are the prime factors of 716711063?
257, 661, 4219
List the prime factors of 305617092.
2, 3, 11, 17, 136193
What are the prime factors of 88035521?
7, 67, 337, 557
List the prime factors of 205309896.
2, 3, 11, 19, 61
List the prime factors of 29466748.
2, 7366687
What are the prime factors of 58617653?
131, 447463
What are the prime factors of 54284844?
2, 3, 31, 73, 1999
List the prime factors of 4000915644.
2, 3, 11, 677, 44771
What are the prime factors of 307171537?
19, 503, 32141
What are the prime factors of 4172752568?
2, 521594071
List the prime factors of 790748711.
53, 1571, 9497
What are the prime factors of 1276226578?
2, 11, 2221, 26119
List the prime factors of 93945984.
2, 3, 11, 23, 967
List the prime factors of 395189591.
6047, 65353
What are the prime factors of 13044539?
13044539
List the prime factors of 504977145.
3, 5, 29, 1160867
What are the prime factors of 844532555?
5, 41, 523, 7877
What are the prime factors of 177751604?
2, 647, 68683
What are the prime factors of 925498255?
5, 11, 199, 84559
What are the prime factors of 68183145?
3, 5, 149, 10169
List the prime factors of 264456622.
2, 23, 43, 5813
List the prime factors of 4775465818.
2, 17, 140454877
What are the prime factors of 34281689?
13, 67, 39359
List the prime factors of 68221171.
41, 1277, 1303
What are the prime factors of 1218822781?
11, 367, 301913
List the prime factors of 1154777322.
2, 3, 487, 395201
What are the prime factors of 167790441?
3, 7, 13, 614617
What are the prime factors of 139521832?
2, 3361, 5189
What are the prime factors of 70799306?
2, 677, 52289
List the prime factors of 64337309.
73, 881333
List the prime factors of 779217362.
2, 7, 11, 43, 117671
List the prime factors of 505332213.
3, 3329, 50599
What are the prime factors of 1054